{"id":16444,"date":"2024-11-18T02:01:44","date_gmt":"2024-11-18T02:01:44","guid":{"rendered":"https:\/\/babyviva.vn\/?post_type=product&#038;p=16444"},"modified":"2025-10-16T07:36:15","modified_gmt":"2025-10-16T07:36:15","slug":"cay-phoi-do-so-sinh-babyviva","status":"publish","type":"product","link":"https:\/\/babyviva.vn\/index.php\/san-pham\/cay-phoi-do-so-sinh-babyviva\/","title":{"rendered":"C\u00e2y ph\u01a1i \u0111\u1ed3 s\u01a1 sinh babyviva"},"content":{"rendered":"<p>C\u00e2y ph\u01a1i \u0111\u1ed3 s\u01a1 sinh babyviva<\/p>\n<p>Th\u01b0\u1ee3ng hi\u1ec7u : babyviva<br \/>\nCh\u1ea5t li\u1ec7u : Th\u00e2n l\u00e0m b\u0103ng inox, \u0111\u1ebf ch\u00e2n, c\u00e1c thanh treo v\u00e0 m\u00f3c l\u00e0m b\u1eb1ng nh\u1ef1a nguy\u00ean sinh d\u00e0y d\u1eb7n ch\u1eafc ch\u1eafn<br \/>\nT\u00ednh n\u0103ng: l\u1eafp \u0111\u1eb7t d\u1ec5 d\u00e0ng c\u00e1c thanh treo xoay 360 \u0111\u1ed9 ti\u1ec7n l\u1ee3i, g\u1ea5p g\u1ecdn d\u1ec5 d\u00e0ng<\/p>\n","protected":false},"excerpt":{"rendered":"<p>C\u00e2y ph\u01a1i \u0111\u1ed3 s\u01a1 sinh babyviva Th\u01b0\u1ee3ng hi\u1ec7u : babyviva Ch\u1ea5t li\u1ec7u : Th\u00e2n l\u00e0m b\u0103ng inox, \u0111\u1ebf ch\u00e2n, c\u00e1c<\/p>\n","protected":false},"featured_media":16445,"comment_status":"open","ping_status":"closed","template":"","meta":[],"product_cat":[155,166],"product_tag":[],"class_list":["post-16444","product","type-product","status-publish","has-post-thumbnail","hentry","product_cat-dung-cu-so-sinh","product_cat-tat-ca-san-pham"],"_links":{"self":[{"href":"https:\/\/babyviva.vn\/index.php\/wp-json\/wp\/v2\/product\/16444","targetHints":{"allow":["GET"]}}],"collection":[{"href":"https:\/\/babyviva.vn\/index.php\/wp-json\/wp\/v2\/product"}],"about":[{"href":"https:\/\/babyviva.vn\/index.php\/wp-json\/wp\/v2\/types\/product"}],"replies":[{"embeddable":true,"href":"https:\/\/babyviva.vn\/index.php\/wp-json\/wp\/v2\/comments?post=16444"}],"version-history":[{"count":1,"href":"https:\/\/babyviva.vn\/index.php\/wp-json\/wp\/v2\/product\/16444\/revisions"}],"predecessor-version":[{"id":16456,"href":"https:\/\/babyviva.vn\/index.php\/wp-json\/wp\/v2\/product\/16444\/revisions\/16456"}],"wp:featuredmedia":[{"embeddable":true,"href":"https:\/\/babyviva.vn\/index.php\/wp-json\/wp\/v2\/media\/16445"}],"wp:attachment":[{"href":"https:\/\/babyviva.vn\/index.php\/wp-json\/wp\/v2\/media?parent=16444"}],"wp:term":[{"taxonomy":"product_cat","embeddable":true,"href":"https:\/\/babyviva.vn\/index.php\/wp-json\/wp\/v2\/product_cat?post=16444"},{"taxonomy":"product_tag","embeddable":true,"href":"https:\/\/babyviva.vn\/index.php\/wp-json\/wp\/v2\/product_tag?post=16444"}],"curies":[{"name":"wp","href":"https:\/\/api.w.org\/{rel}","templated":true}]}}